inder when 13143299 is divided by 1460364.
23
Calculate the remainder when 8292287 is divided by 287.
283
Calculate the remainder when 3097783 is divided by 179.
9
What is the remainder when 66061 is divided by 161?
51
Calculate the remainder when 83047 is divided by 41514.
19
What is the remainder when 1880218 is divided by 16787?
74
Calculate the remainder when 4584518 is divided by 6394.
20
What is the remainder when 422905 is divided by 60277?
966
Calculate the remainder when 15141212 is divided by 22.
20
Calculate the remainder when 3328227 is divided by 21896.
35
What is the remainder when 604126 is divided by 603837?
289
Calculate the remainder when 125505411 is divided by 27.
15
Calculate the remainder when 697784 is divided by 474.
56
What is the remainder when 826119 is divided by 43478?
37
What is the remainder when 294199 is divided by 36581?
1551
Calculate the remainder when 6307308 is divided by 210243.
18
What is the remainder when 60132863 is divided by 706?
19
What is the remainder when 3863701 is divided by 26?
23
What is the remainder when 7830 is divided by 30?
0
What is the remainder when 45706589 is divided by 7?
5
What is the remainder when 10000476 is divided by 112363?
169
Calculate the remainder when 16546 is divided by 662.
658
Calculate the remainder when 29054 is divided by 167.
163
What is the remainder when 35994 is divided by 35929?
65
What is the remainder when 480369 is divided by 104?
97
Calculate the remainder when 31470 is divided by 15517.
436
Calculate the remainder when 158416 is divided by 879.
196
What is the remainder when 84289 is divided by 26435?
4984
What is the remainder when 61239327 is divided by 612393?
27
What is the remainder when 1287038 is divided by 160?
158
What is the remainder when 631794 is divided by 210550?
144
What is the remainder when 544783508 is divided by 56?
52
What is the remainder when 91971 is divided by 764?
291
What is the remainder when 90877 is divided by 42640?
5597
Calculate the remainder when 4768469 is divided by 20.
9
What is the remainder when 7142235 is divided by 2380719?
78
Calculate the remainder when 1408138 is divided by 43.
17
What is the remainder when 9952100 is divided by 632?
628
Calculate the remainder when 6595699 is divided by 26.
19
What is the remainder when 3006103 is divided by 4541?
4502
What is the remainder when 587013 is divided by 586872?
141
What is the remainder when 57973684 is divided by 77?
76
What is the remainder when 673398 is divided by 25?
23
Calculate the remainder when 55395 is divided by 22489.
10417
Calculate the remainder when 139419897 is divided by 135.
132
Calculate the remainder when 20089502 is divided by 494.
4
Calculate the remainder when 1151880 is divided by 362.
358
Calculate the remainder when 12249124 is divided by 463.
459
Calculate the remainder when 44224 is divided by 3101.
810
Calculate the remainder when 451573143 is divided by 4117.
4115
Calculate the remainder when 1919375 is divided by 479838.
23
What is the remainder when 412194897 is divided by 325?
322
What is the remainder when 35500 is divided by 3938?
58
What is the remainder when 164984 is divided by 2754?
2498
Calculate the remainder when 10888773 is divided by 12.
9
What is the remainder when 2586658 is divided by 702?
490
What is the remainder when 591443 is divided by 32?
19
What is the remainder when 105396287 is divided by 25?
12
What is the remainder when 243759051 is divided by 81253016?
3
Calculate the remainder when 188353 is divided by 188286.
67
What is the remainder when 857429 is divided by 12426?
35
Calculate the remainder when 645554 is divided by 5990.
4624
Calculate the remainder when 125963896 is divided by 681.
7
What is the remainder when 1054089 is divided by 11462?
11047
Calculate the remainder when 16396716 is divided by 5465564.
24
Calculate the remainder when 544479 is divided by 90527.
1317
What is the remainder when 5728917 is divided by 396?
381
Calculate the remainder when 198254 is divided by 2961.
2828
Calculate the remainder when 7473377 is divided by 2772.
65
What is the remainder when 3020475 is divided by 15488?
315
What is the remainder when 3301574 is divided by 507?
497
Calculate the remainder when 16753044 is divided by 685.
684
What is the remainder when 69823448 is divided by 9974775?
23
Calculate the remainder when 2299902 is divided by 1224.
6
What is the remainder when 259922 is divided by 72?
2
Calculate the remainder when 83958 is divided by 8383.
128
Calculate the remainder when 19359511 is divided by 4839861.
67
Calculate the remainder when 174145755 is divided by 9165566.
1
What is the remainder when 198858878 is divided by 4808?
4806
What is the remainder when 129447477 is divided by 3310?
3307
Calculate the remainder when 54546564 is divided by 65.
59
Calculate the remainder when 483792 is divided by 2015.
192
Calculate the remainder when 2863336 is divided by 2615.
2526
What is the remainder when 2150157 is divided by 2150145?
12
Calculate the remainder when 101827297 is divided by 99.
55
Calculate the remainder when 780610 is divided by 1686.
1678
What is the remainder when 3561668 is divided by 1917?
1799
What is the remainder when 24024748 is divided by 402?
22
Calculate the remainder when 3509795 is divided by 1169925.
20
What is the remainder when 127727 is divided by 1571?
476
What is the remainder when 10223890 is divided by 5111884?
122
What is the remainder when 15217178 is divided by 67036?
6
What is the remainder when 149948 is divided by 213?
209
Calculate the remainder when 609533 is divided by 304746.
41
Calculate the remainder when 1502030 is divided by 11198.
1498
Calculate the remainder when 66707 is divided by 880.
707
What is the remainder when 1136300 is divided by 1019?
115
What is the remainder when 14712338 is divided by 4904111?
5
What is the remainder when 4661535 is divided by 151?
14
Calculate the remainder when 427091 is divided by 222.
185
Calculate the remainder when 71384906 is divided by 187855.
6
Calculate the remainder when 243349 is divided by 39.
28
What is the remainder when 392044 is divided by 130678?
10
Calculate the remainder when 1298479 is divided by 5134.
4711
What is the remainder when 127401007 is divided by 237?
235
What is the remainder when 1442533 is divided by 26?
1
What is the remainder when 121239 is divided by 8790?
6969
Calculate the remainder when 647074 is divided by 323084.
906
Calculate the remainder when 88889 is divided by 27604.
6077
What is the remainder when 1868130 is divided by 178?
20
What is the remainder when 3009968 is divided by 18580?
8
What is the remainder when 187313 is divided by 37232?
1153
Calculate the remainder when 634485 is divided by 2558.
101
Calculate the remainder when 268682 is divided by 2083.
2058
What is the remainder when 1344324 is divided by 2392?
20
Calculate the remainder when 24804818 is divided by 24804804.
14
What is the remainder when 192902 is divided by 2322?
176
What is the remainder when 513680 is divided by 102474?
1310
Calculate the remainder when 315525 is divided by 13143.
93
Calculate the remainder when 54224 is divided by 27038.
148
Calculate the remainder when 866567 is divided by 2245.
2242
What is the remainder when 115600 is divided by 56580?
2440
Calculate the remainder when 3927044 is divided by 981690.
284
What is the remainder when 26738876 is divided by 78?
8
What is the remainder when 277685 is divided by 6?
5
What is the remainder when 143596 is divided by 1932?
628
Calculate the remainder when 4204258 is divided by 3300.
58
What is the remainder when 76326 is divided by 6233?
1530
Calculate the remainder when 78883651 is divided by 145.
26
Calculate the remainder when 5827 is divided by 1493.
1348
Calculate the remainder when 155608 is divided by 22216.
96
Calculate the remainder when 59054 is divided by 11750.
304
Calculate the remainder when 38890999 is divided by 195.
4
What is the remainder when 33368 is divided by 1997?
1416
What is the remainder when 117871 is divided by 5684?
4191
Calculate the remainder when 80016467 is divided by 27.
23
Calculate the remainder when 468622 is divided by 261.
127
Calculate the remainder when 3415678 is divided by 987.
658
Calculate 